{"id":1460,"date":"2018-02-15T17:22:59","date_gmt":"2018-02-15T17:22:59","guid":{"rendered":"http:\/\/www.ecologia.polimi.it\/?page_id=1460"},"modified":"2023-03-01T08:12:40","modified_gmt":"2023-03-01T08:12:40","slug":"ecourb","status":"publish","type":"page","link":"https:\/\/www.ecologia.polimi.it\/it\/courses\/ecourb\/","title":{"rendered":"Ecologia Urbana"},"content":{"rendered":"<div class=\"cnt odd\">\n<h2>informazioni essenziali<\/h2>\n<ul style=\"text-align: left;\">\n<li style=\"list-style-type: none;\">\n<ul style=\"text-align: left;\">\n<li>Anno Accademico: 2022\/2023, II semestre<\/li>\n<li>Studenti: Urbanisti (II anno)<\/li>\n<li>Crediti: 4 (Codice PoliMI 099367)<\/li>\n<li>Corso integrato di <em>ELEMENTI DI PROGETTAZIONE DELL\u2019AMBIENTE<\/em> (099365), con Prof. <a href=\"http:\/\/www.labsimurb.polimi.it\/about-2\/people\/eugenio-morello\/\">Eugenio Morello<\/a><\/li>\n<li>Settore Scientifico Disciplinare: <a href=\"http:\/\/www.miur.it\/UserFiles\/116.htm\">BIO\/07 \u2013 Ecologia<\/a><\/li>\n<li><em>Lezioni<\/em> a cura di <a href=\"http:\/\/www.ecologia.polimi.it\/casagrandi\">Renato Casagrandi<\/a><\/li>\n<li><em>Esercitazioni<\/em> a cura di <em>Davide Stucchi<\/em><\/li>\n<\/ul>\n<\/li>\n<\/ul>\n<\/div>\n<div class=\"cnt bold\" style=\"text-align: center;\">\n<p style=\"text-align: left;\"><a class=\"slider_button\" style=\"color: white; font-weight: bold;\" href=\"https:\/\/www.ecologia.polimi.it\/courses\/ecourb\/documenti-ecourb-2023\/\" target=\"_blank\" rel=\"noopener noreferrer\">SCARICA I LUCIDI E ALTRO MATERIALE<\/a><\/p>\n<\/div>\n<div class=\"cnt even\">\n<h2>orari<\/h2>\n<p>Le lezioni e le esercitazioni del corso si svolgeranno di norma nelle giornate di<\/p>\n<ul>\n<li>mercoled\u00ec a distanza, dalle 09.<strong>30<\/strong> alle 12.15 in aula <a title=\"Milano Citt\u00e0 Studi - Via Bonardi - Edificio 13 - Piano Terra\" href=\"https:\/\/aunicalogin.polimi.it\/aunicalogin\/getservizio.xml?id_servizio=343&amp;idaula=71&amp;lang=IT\" target=\"_blank\" rel=\"noopener\">T.1.2 <\/a><\/li>\n<\/ul>\n<p>Consultare il calendario delle attivit\u00e0 per questo insegnamento pi\u00f9 avanti su questa stessa pagina<\/p>\n<\/div>\n<div class=\"cnt odd\">\n<h2>ricevimento studenti<\/h2>\n<p>Il ricevimento avviene <strong>solo su appuntamento<\/strong>, da richiedere via <a href=\"mailto:?subject=[Appuntamento%20EcoURB]]%20Cognome%20e%20Nome&amp;body=Inserire qui il testo di richiesta dell'appuntamento...\">e-mail<\/a> entro il mercoled\u00ec della settimana precedente. Gli studenti saranno ricevuti tendenzialmente il venerd\u00ec in orario da concordare nell&#8217;<a href=\"https:\/\/politecnicomilano.webex.com\/meet\/renato.casagrandi\" target=\"_blank\" rel=\"noopener noreferrer\">ufficio virtuale del docente<\/a> oppure in quello fisico (stanza 233), al secondo piano dell&#8217;Ed. 20, <a href=\"http:\/\/www.deib.polimi.it\" target=\"_blank\" rel=\"noopener noreferrer\">Dipartimento di Elettronica, Informazione e Bioingegneria<\/a>. In caso di indisponibilit\u00e0, verr\u00e0 offerta una data alternativa.<\/p>\n<\/div>\n<div class=\"cnt even\">\n<h2>calendario delle attivit\u00e0<\/h2>\n<p><iframe loading=\"lazy\" style=\"border: 0;\" src=\"https:\/\/calendar.google.com\/calendar\/embed?src=49df0l72dhqpdi3i27h9shqkb0%40group.calendar.google.com&amp;ctz=Europe%2FRome\" width=\"800\" height=\"600\" frameborder=\"0\" scrolling=\"no\"><\/iframe><\/p>\n<\/div>\n<div class=\"cnt odd\">\n<h2>programma<\/h2>\n<p>Il corso si articola nelle seguenti <strong>4 tematiche fondamentali<\/strong> che, in maniera sintetica ma rigorosa, si prefiggono di fornire allo studente alcuni principi alla base dell\u2019Ecologia urbana:<\/p>\n<ol>\n<li><strong>Fondamenti sugli ecosistemi<\/strong>: organismi, produzione primaria, biomi e antromi;<\/li>\n<li><strong>Biodiversit\u00e0<\/strong>: dalle misure in ambito naturale allo studio in ambiente urbano;<\/li>\n<li><strong>Dinamica delle popolazioni e demografia<\/strong>, con particolare enfasi sulla specie umana;<\/li>\n<li><strong>Sostenibilit\u00e0<\/strong>: definizioni, indicatori, <i>footprint<\/i>, cambiamento climatico e percorsi di sviluppo.<\/li>\n<\/ol>\n<p>Le lezioni saranno affiancate da esercitazioni e, solo se possibile, da brevi seminari didattici svolti da esperti su alcuni temi specifici.<\/p>\n<\/div>\n<div class=\"cnt even\">\n<h2>materiale<\/h2>\n<p>I testi di supporto per il corso sono i seguenti:<\/p>\n<ul>\n<li>R.E. Ricklefs, <strong><a href=\"http:\/\/www.macmillanhighered.com\/Catalog\/product\/ecologytheeconomyofnature-seventhedition-ricklefs\"><em>The Economy of Nature<\/em><\/a><\/strong>, 6th edition. W.H. Freeman and Company, 2008<\/li>\n<li>R. Casagrandi, G. A. De Leo e M. Gatto (2002). <strong><a href=\"http:\/\/www.catalogo.mcgraw-hill.it\/catLibro.asp?item_id=1260\" target=\"_blank\" rel=\"noopener noreferrer\">101 problemi di ecologia<\/a><\/strong>. <a href=\"http:\/\/www.mcgraw-hill.it\/\" target=\"_blank\" rel=\"noopener noreferrer\">McGraw Hill<\/a>, (ISBN: 88 386 6041-7). Il libro era acquistabile <a href=\"http:\/\/www.ilovebooks.it\/problemi-ecologia-p-2107.html\">on demand<\/a>.<\/li>\n<li>Saranno disponibili, aggiornate il giorno <strong>seguente<\/strong> ogni lezione, anche le copie delle <em>slides<\/em> utilizzate in aula. Si veda alla voce \u201corari\u201d per l\u2019organizzazione temporale delle lezioni e alla voce lucidi per i files e gli approfondimenti.<\/li>\n<\/ul>\n<\/div>\n<div class=\"cnt odd\">\n<h2>esame<\/h2>\n<ul>\n<li>Essendo il corso integrato e costituito di due moduli (Progettazione Urbana Sostenibile, a cura del Prof. Eugenio Morello, ed Ecologia Urbana), per valutare le conoscenze acquisite in entrambi i moduli, i docenti svolgono nella stessa giornata due prove (esami) indipendenti, della durata orientativa di un&#8217;ora ciascuno. Per superare l&#8217;esame, occorre naturalmente avere una valutazione sufficiente nella media tra le due valutazioni e non ritenuta insufficiente dal titolare del modulo in ciascuna delle due. Ciascuno dei due moduli ha individuato delle regole specifiche rispetto alla sua parte, che risultano peraltro armonizzate in modo che l&#8217;esperienza della valutazione lato studente costituisca quanto pi\u00f9 possibile un <em>unus<\/em>.<\/li>\n<li>Il programma del corso consta di 4 argomenti principali, svolto attraverso lezioni possibilmente integrate da brevi esercitazioni e seminari tematici. Quest&#8217;anno non si svolgeranno prove in itinere.<\/li>\n<li>Sono disponibili <strong>solo durante il corso<\/strong> eventuali punti premio (massimo 2 per persona) assegnati per interventi particolarmente brillanti durante le lezioni a discrezione del docente. Per ottenere tali punti \u00e8 cruciale compilare il seguente <a href=\"https:\/\/forms.office.com\/Pages\/ResponsePage.aspx?id=K3EXCvNtXUKAjjCd8ope60ILP7h2nnlLusnrsWTC3lBUQVBTWjZUVTFLWDFaNFhFVE9BMDdMV0NWRC4u\">form<\/a> il giorno della lezione<\/li>\n<li>Le prove sono <strong>di norma<\/strong> scritte e si svolgono senza libri o appunti. Il docente si riserva tuttavia di svolgere colloqui orali in sostituzione delle prove scritte (specie negli appelli in cui vi siano pochi iscritti) oppure ad integrazione delle prove scritte (nei rari casi in cui lo studente sia al limite della sufficienza o prossimo alla lode e il docente lo ritenga opportuno). In ogni caso, gli studenti interessati saranno avvisati dal docente sulla necessit\u00e0 di un colloquio orale all\u2019atto della comunicazione dei voti.<\/li>\n<li>Ci saranno due appelli a febbraio (sessione invernale), due a luglio (sessione estiva) e due a settembre (chiamiamola sessione autunnale, pur se improprio ma per capirsi). Qualora gli appelli siano a due settimane di distanza o meno l&#8217;uno dall&#8217;altro, \u00e8 caldamente suggerito di iscriversi ad un solo appello per ogni sessione (nel senso definito prima).<\/li>\n<li>In accordo alle regole di registrazione informatizzata dei voti predisposte dall\u2019Ateneo, chi ha superato positivamente l\u2019esame potr\u00e0 rinunciare al voto solo seguendo le procedure del sistema Poliself<\/li>\n<li>Per partecipare a qualsiasi appello <strong>\u00e8 obbligatorio<\/strong> iscriversi tramite Poliself entro i termini stabiliti. Il docente <strong>non autorizza<\/strong> la partecipazione alla prova d\u2019esame di studenti che non risultino iscritti formalmente.<\/li>\n<li>Nel malaugurato (e scongiurato) caso in cui cause di forza maggiore impongano l&#8217;impossibilit\u00e0 a docenti e studenti di svolgere attivit\u00e0 di valutazione della didattica in presenza, l&#8217;esame conster\u00e0 di una prova orale (interrogazione\/interview) con domande e problemini del tenore di quelle\/i visti a lezione su piattaforma Zoom o analoghe.<\/li>\n<li>\u00c8 particolarmente importante che il contatto e-mail o telefonico fornito da ogni studente ai Servizi Generali sia valido e in uso: tutte le variazioni dell\u2019ultim\u2019ora relative alle prove d\u2019esame e la comunicazione dei voti conseguiti verranno infatti comunicate esclusivamente tramite quel contatto. Per un miglior riconoscimento degli studenti, \u00e8 inoltre richiesto che ciascuno studente inserisca anche una propria fotografia nello proprio spazio riservato del portale AUNICALOGIN.<\/li>\n<li>Al termine degli appelli dell\u2019ultimo recupero utile, chi non abbia superato l\u2019esame risulter\u00e0 respinto.<\/li>\n<\/ul>\n<\/div>\n<div class=\"cnt even\">\n<h2>appelli<\/h2>\n<p style=\"text-align: left;\">Si ricorda che \u00e8 necessario attenersi alle modalit\u00e0 d\u2019esame per partecipare a qualunque prova (in particolare occorre iscriversi tramite AunicaLogin)<\/p>\n<ul>\n<li style=\"text-align: left;\">Il primo appello si svolger\u00e0 il giorno <strong>21 giugno 2023<\/strong> alle ore <strong>09:15<\/strong> in aula da definirsi<\/li>\n<li style=\"text-align: left;\">Il secondo appello si svolger\u00e0 il giorno <strong>5 luglio 2022<\/strong> alle ore <strong>09:15<\/strong> in aula da definirsi<\/li>\n<li style=\"text-align: left;\">Il terzo appello si svolger\u00e0 il giorno <strong>&#8230;<\/strong> alle ore <strong>&#8230;<\/strong> in aula &#8230;<\/li>\n<li style=\"text-align: left;\">Il quarto appello si svolger\u00e0 il giorno <strong>&#8230;<\/strong> alle ore <strong>&#8230;<\/strong> in aula &#8230;<\/li>\n<li style=\"text-align: left;\">Il quinto appello si svolger\u00e0 il giorno<strong>&#8230;<\/strong> alle ore <strong>&#8230;<\/strong> in aula &#8230;<\/li>\n<li style=\"text-align: left;\">Il sesto e ultimo appello si svolger\u00e0 il giorno <strong>&#8230;<\/strong> alle ore <strong>&#8230;<\/strong> in aula &#8230;<\/li>\n<\/ul>\n<\/div>\n<p>[:]<\/p>\n","protected":false},"excerpt":{"rendered":"<p>informazioni essenziali Anno Accademico: 2022\/2023, II semestre Studenti: Urbanisti (II anno) Crediti: 4 (Codice PoliMI 099367) Corso integrato di ELEMENTI DI PROGETTAZIONE DELL\u2019AMBIENTE (099365), con Prof. Eugenio Morello Settore Scientifico Disciplinare: BIO\/07 \u2013 Ecologia Lezioni a cura di Renato Casagrandi Esercitazioni a cura di Davide Stucchi SCARICA I LUCIDI E ALTRO MATERIALE orari Le lezioni&hellip; <br \/> <a class=\"read-more\" href=\"https:\/\/www.ecologia.polimi.it\/it\/courses\/ecourb\/\">Leggi tutto<\/a><\/p>","protected":false},"author":4,"featured_media":0,"parent":1672,"menu_order":0,"comment_status":"closed","ping_status":"closed","template":"","meta":{"two_page_speed":[],"footnotes":""},"class_list":["post-1460","page","type-page","status-publish","hentry"],"_links":{"self":[{"href":"https:\/\/www.ecologia.polimi.it\/it\/wp-json\/wp\/v2\/pages\/1460","targetHints":{"allow":["GET"]}}],"collection":[{"href":"https:\/\/www.ecologia.polimi.it\/it\/wp-json\/wp\/v2\/pages"}],"about":[{"href":"https:\/\/www.ecologia.polimi.it\/it\/wp-json\/wp\/v2\/types\/page"}],"author":[{"embeddable":true,"href":"https:\/\/www.ecologia.polimi.it\/it\/wp-json\/wp\/v2\/users\/4"}],"replies":[{"embeddable":true,"href":"https:\/\/www.ecologia.polimi.it\/it\/wp-json\/wp\/v2\/comments?post=1460"}],"version-history":[{"count":41,"href":"https:\/\/www.ecologia.polimi.it\/it\/wp-json\/wp\/v2\/pages\/1460\/revisions"}],"predecessor-version":[{"id":3491,"href":"https:\/\/www.ecologia.polimi.it\/it\/wp-json\/wp\/v2\/pages\/1460\/revisions\/3491"}],"up":[{"embeddable":true,"href":"https:\/\/www.ecologia.polimi.it\/it\/wp-json\/wp\/v2\/pages\/1672"}],"wp:attachment":[{"href":"https:\/\/www.ecologia.polimi.it\/it\/wp-json\/wp\/v2\/media?parent=1460"}],"curies":[{"name":"wp","href":"https:\/\/api.w.org\/{rel}","templated":true}]}}

<div class="cnt odd">
<h2>informazioni essenziali</h2>
<ul style="text-align: left;">
<li style="list-style-type: none;">
<ul style="text-align: left;">
<li>Anno Accademico: 2022/2023, II semestre</li>
<li>Studenti: Urbanisti (II anno)</li>
<li>Crediti: 4 (Codice PoliMI 099367)</li>
<li>Corso integrato di <em>ELEMENTI DI PROGETTAZIONE DELL’AMBIENTE</em> (099365), con Prof. <a href="http://www.labsimurb.polimi.it/about-2/people/eugenio-morello/">Eugenio Morello</a></li>
<li>Settore Scientifico Disciplinare: <a href="http://www.miur.it/UserFiles/116.htm">BIO/07 – Ecologia</a></li>
<li><em>Lezioni</em> a cura di <a href="http://www.ecologia.polimi.it/casagrandi">Renato Casagrandi</a></li>
<li><em>Esercitazioni</em> a cura di <em>Davide Stucchi</em></li>
</ul>
</li>
</ul>
</div>
<div class="cnt bold" style="text-align: center;">
<p style="text-align: left;"><a class="slider_button" style="color: white; font-weight: bold;" href="https://www.ecologia.polimi.it/courses/ecourb/documenti-ecourb-2023/" target="_blank" rel="noopener noreferrer">SCARICA I LUCIDI E ALTRO MATERIALE</a></p>
</div>
<div class="cnt even">
<h2>orari</h2>
<p>Le lezioni e le esercitazioni del corso si svolgeranno di norma nelle giornate di</p>
<ul>
<li>mercoledì a distanza, dalle 09.<strong>30</strong> alle 12.15 in aula <a title="Milano Città Studi - Via Bonardi - Edificio 13 - Piano Terra" href="https://aunicalogin.polimi.it/aunicalogin/getservizio.xml?id_servizio=343&amp;idaula=71&amp;lang=IT" target="_blank" rel="noopener">T.1.2 </a></li>
</ul>
<p>Consultare il calendario delle attività per questo insegnamento più avanti su questa stessa pagina</p>
</div>
<div class="cnt odd">
<h2>ricevimento studenti</h2>
<p>Il ricevimento avviene <strong>solo su appuntamento</strong>, da richiedere via <a href="mailto:?subject=[Appuntamento%20EcoURB]]%20Cognome%20e%20Nome&amp;body=Inserire qui il testo di richiesta dell'appuntamento...">e-mail</a> entro il mercoledì della settimana precedente. Gli studenti saranno ricevuti tendenzialmente il venerdì in orario da concordare nell&#8217;<a href="https://politecnicomilano.webex.com/meet/renato.casagrandi" target="_blank" rel="noopener noreferrer">ufficio virtuale del docente</a> oppure in quello fisico (stanza 233), al secondo piano dell&#8217;Ed. 20, <a href="http://www.deib.polimi.it" target="_blank" rel="noopener noreferrer">Dipartimento di Elettronica, Informazione e Bioingegneria</a>. In caso di indisponibilità, verrà offerta una data alternativa.</p>
</div>
<div class="cnt even">
<h2>calendario delle attività</h2>
<p><iframe loading="lazy" style="border: 0;" src="https://calendar.google.com/calendar/embed?src=49df0l72dhqpdi3i27h9shqkb0%40group.calendar.google.com&amp;ctz=Europe%2FRome" width="800" height="600" frameborder="0" scrolling="no"></iframe></p>
</div>
<div class="cnt odd">
<h2>programma</h2>
<p>Il corso si articola nelle seguenti <strong>4 tematiche fondamentali</strong> che, in maniera sintetica ma rigorosa, si prefiggono di fornire allo studente alcuni principi alla base dell’Ecologia urbana:</p>
<ol>
<li><strong>Fondamenti sugli ecosistemi</strong>: organismi, produzione primaria, biomi e antromi;</li>
<li><strong>Biodiversità</strong>: dalle misure in ambito naturale allo studio in ambiente urbano;</li>
<li><strong>Dinamica delle popolazioni e demografia</strong>, con particolare enfasi sulla specie umana;</li>
<li><strong>Sostenibilità</strong>: definizioni, indicatori, <i>footprint</i>, cambiamento climatico e percorsi di sviluppo.</li>
</ol>
<p>Le lezioni saranno affiancate da esercitazioni e, solo se possibile, da brevi seminari didattici svolti da esperti su alcuni temi specifici.</p>
</div>
<div class="cnt even">
<h2>materiale</h2>
<p>I testi di supporto per il corso sono i seguenti:</p>
<ul>
<li>R.E. Ricklefs, <strong><a href="http://www.macmillanhighered.com/Catalog/product/ecologytheeconomyofnature-seventhedition-ricklefs"><em>The Economy of Nature</em></a></strong>, 6th edition. W.H. Freeman and Company, 2008</li>
<li>R. Casagrandi, G. A. De Leo e M. Gatto (2002). <strong><a href="http://www.catalogo.mcgraw-hill.it/catLibro.asp?item_id=1260" target="_blank" rel="noopener noreferrer">101 problemi di ecologia</a></strong>. <a href="http://www.mcgraw-hill.it/" target="_blank" rel="noopener noreferrer">McGraw Hill</a>, (ISBN: 88 386 6041-7). Il libro era acquistabile <a href="http://www.ilovebooks.it/problemi-ecologia-p-2107.html">on demand</a>.</li>
<li>Saranno disponibili, aggiornate il giorno <strong>seguente</strong> ogni lezione, anche le copie delle <em>slides</em> utilizzate in aula. Si veda alla voce “orari” per l’organizzazione temporale delle lezioni e alla voce lucidi per i files e gli approfondimenti.</li>
</ul>
</div>
<div class="cnt odd">
<h2>esame</h2>
<ul>
<li>Essendo il corso integrato e costituito di due moduli (Progettazione Urbana Sostenibile, a cura del Prof. Eugenio Morello, ed Ecologia Urbana), per valutare le conoscenze acquisite in entrambi i moduli, i docenti svolgono nella stessa giornata due prove (esami) indipendenti, della durata orientativa di un&#8217;ora ciascuno. Per superare l&#8217;esame, occorre naturalmente avere una valutazione sufficiente nella media tra le due valutazioni e non ritenuta insufficiente dal titolare del modulo in ciascuna delle due. Ciascuno dei due moduli ha individuato delle regole specifiche rispetto alla sua parte, che risultano peraltro armonizzate in modo che l&#8217;esperienza della valutazione lato studente costituisca quanto più possibile un <em>unus</em>.</li>
<li>Il programma del corso consta di 4 argomenti principali, svolto attraverso lezioni possibilmente integrate da brevi esercitazioni e seminari tematici. Quest&#8217;anno non si svolgeranno prove in itinere.</li>
<li>Sono disponibili <strong>solo durante il corso</strong> eventuali punti premio (massimo 2 per persona) assegnati per interventi particolarmente brillanti durante le lezioni a discrezione del docente. Per ottenere tali punti è cruciale compilare il seguente <a href="https://forms.office.com/Pages/ResponsePage.aspx?id=K3EXCvNtXUKAjjCd8ope60ILP7h2nnlLusnrsWTC3lBUQVBTWjZUVTFLWDFaNFhFVE9BMDdMV0NWRC4u">form</a> il giorno della lezione</li>
<li>Le prove sono <strong>di norma</strong> scritte e si svolgono senza libri o appunti. Il docente si riserva tuttavia di svolgere colloqui orali in sostituzione delle prove scritte (specie negli appelli in cui vi siano pochi iscritti) oppure ad integrazione delle prove scritte (nei rari casi in cui lo studente sia al limite della sufficienza o prossimo alla lode e il docente lo ritenga opportuno). In ogni caso, gli studenti interessati saranno avvisati dal docente sulla necessità di un colloquio orale all’atto della comunicazione dei voti.</li>
<li>Ci saranno due appelli a febbraio (sessione invernale), due a luglio (sessione estiva) e due a settembre (chiamiamola sessione autunnale, pur se improprio ma per capirsi). Qualora gli appelli siano a due settimane di distanza o meno l&#8217;uno dall&#8217;altro, è caldamente suggerito di iscriversi ad un solo appello per ogni sessione (nel senso definito prima).</li>
<li>In accordo alle regole di registrazione informatizzata dei voti predisposte dall’Ateneo, chi ha superato positivamente l’esame potrà rinunciare al voto solo seguendo le procedure del sistema Poliself</li>
<li>Per partecipare a qualsiasi appello <strong>è obbligatorio</strong> iscriversi tramite Poliself entro i termini stabiliti. Il docente <strong>non autorizza</strong> la partecipazione alla prova d’esame di studenti che non risultino iscritti formalmente.</li>
<li>Nel malaugurato (e scongiurato) caso in cui cause di forza maggiore impongano l&#8217;impossibilità a docenti e studenti di svolgere attività di valutazione della didattica in presenza, l&#8217;esame consterà di una prova orale (interrogazione/interview) con domande e problemini del tenore di quelle/i visti a lezione su piattaforma Zoom o analoghe.</li>
<li>È particolarmente importante che il contatto e-mail o telefonico fornito da ogni studente ai Servizi Generali sia valido e in uso: tutte le variazioni dell’ultim’ora relative alle prove d’esame e la comunicazione dei voti conseguiti verranno infatti comunicate esclusivamente tramite quel contatto. Per un miglior riconoscimento degli studenti, è inoltre richiesto che ciascuno studente inserisca anche una propria fotografia nello proprio spazio riservato del portale AUNICALOGIN.</li>
<li>Al termine degli appelli dell’ultimo recupero utile, chi non abbia superato l’esame risulterà respinto.</li>
</ul>
</div>
<div class="cnt even">
<h2>appelli</h2>
<p style="text-align: left;">Si ricorda che è necessario attenersi alle modalità d’esame per partecipare a qualunque prova (in particolare occorre iscriversi tramite AunicaLogin)</p>
<ul>
<li style="text-align: left;">Il primo appello si svolgerà il giorno <strong>21 giugno 2023</strong> alle ore <strong>09:15</strong> in aula da definirsi</li>
<li style="text-align: left;">Il secondo appello si svolgerà il giorno <strong>5 luglio 2022</strong> alle ore <strong>09:15</strong> in aula da definirsi</li>
<li style="text-align: left;">Il terzo appello si svolgerà il giorno <strong>&#8230;</strong> alle ore <strong>&#8230;</strong> in aula &#8230;</li>
<li style="text-align: left;">Il quarto appello si svolgerà il giorno <strong>&#8230;</strong> alle ore <strong>&#8230;</strong> in aula &#8230;</li>
<li style="text-align: left;">Il quinto appello si svolgerà il giorno<strong>&#8230;</strong> alle ore <strong>&#8230;</strong> in aula &#8230;</li>
<li style="text-align: left;">Il sesto e ultimo appello si svolgerà il giorno <strong>&#8230;</strong> alle ore <strong>&#8230;</strong> in aula &#8230;</li>
</ul>
</div>
<p>[:]</p>
